the remainder when m is divided by 88.
87
What is the remainder when 11 is divided by 2*((-325)/(-100) - (-2)/8)?
4
Suppose m - 3*g - 138 = 0, -5*m + g + 668 = -3*g. Suppose 0 = -k - 21 + m. Calculate the remainder when k is divided by 19.
16
Suppose 5*h - 7*h + 138 = 0. Calculate the remainder when h is divided by -2 - 0 - 185/(-5).
34
Suppose -7*k - 25 = 619. Let f = -14 - k. Calculate the remainder when f is divided by 20.
18
Let r be ((-11)/(-4))/((-1)/(-12)). Let b = -9 + r. Calculate the remainder when (78/b)/(1/12) is divided by 14.
11
Let c = -100 + 105. Let j(h) = h**2 - h + 1. Let n be j(1). Calculate the remainder when (-35 + n)/((-2)/1) is divided by c.
2
Let x = 2165 - 2010. Calculate the remainder when x is divided by 18.
11
Let w(c) = 7*c + 60. Calculate the remainder when -2 - (-286)/((-2)/(-1)) is divided by w(-6).
15
Let i(b) = 12*b**2 - 2*b - 1. Let c be i(-1). Let d(o) = c + 2*o - 12 + 2*o**2 + 4*o**2. Calculate the remainder when 8 is divided by d(-1).
3
Let c = -4219 - -4236. Suppose 4*d - 34 = 2. What is the remainder when c is divided by d?
8
Suppose 2*u - 24 = -10. Suppose u*m - 170 = 2*m. Calculate the remainder when m is divided by 18.
16
Let o = 7 + -3. Suppose -o*w = -0*w - 92. Suppose -z - 33 = -5*t, -5*t - 2*z + 228 = 204. Calculate the remainder when w is divided by t.
5
Suppose 0 = 2*f - 6, 0 = -5*x - 3*f + 5 - 1. Let a be 9/(-6)*(-16)/3. Let r = x + a. Calculate the remainder when 27 is divided by r.
6
Let s(x) = 7*x**2 + 4*x - 23. Let y be s(-5). Suppose -h = y - 205. Let j = 59 - 40. Calculate the remainder when h is divided by j.
16
Let c be (-6)/21 - 172/(-14). Suppose 0*j = j - c. What is the remainder when 28 is divided by 15/20 - (-111)/j?
8
Suppose -76 = -3*g + 14. Let j = 5807 + -5718. What is the remainder when j is divided by g?
29
Suppose -3*v + 4*v + 4*p - 8 = 0, 3*v + 5*p - 10 = 0. Suppose v = 3*i - 8*i + 5*r, 0 = 2*r - 8. What is the remainder when i is divided by 1?
0
Suppose 0 = -3*j + 120 + 72. Suppose -3*n = -0*d + 4*d - 82, 5*d = n + 93. Calculate the remainder when j is divided by d.
7
Calculate the remainder when 485 is divided by (16/(-12))/(4/(-51)).
9
What is the remainder when (-18 + 33)/(3/39) is divided by 7?
6
Let n(z) = 3*z**2 - 51*z - 261. What is the remainder when 1309 is divided by n(-5)?
67
Let f(g) be the first derivative of g**4/4 - g**3 + g**2/2 - 1. Suppose 316 + 223 = 7*v. What is the remainder when v is divided by f(4)?
17
Suppose 6*k = 8*k + 2. What is the remainder when ((-3 + 0)/(-6))/(k/(-104)) is divided by 14?
10
What is the remainder when 39 is divided by 7 + 24/(-156) + (-4)/(-26)?
4
Suppose 4*x - 372 = -4*b, b = -5*x + 420 + 41. Suppose 0*k - k = 3, n - 2*k = 25. What is the remainder when x is divided by n?
16
Let a(h) = -1172*h**3 - h**2 - 26*h - 26. What is the remainder when a(-1) is divided by 69?
67
Let y = 22 - 41. Calculate the remainder when 43 is divided by -3 - 1/(1/y).
11
Suppose -5*y - 13 + 39 = 2*g, -6 = 3*g. Calculate the remainder when 76 is divided by 36 + -3 + y - 3 - -3.
37
Let y(a) = 8 + 2 - 16 + 9 + a**2 + 4*a. Calculate the remainder when 40 is divided by y(-6).
10
Suppose -3*d + k = -4*d - 6, 5*d + k + 22 = 0. What is the remainder when 7 is divided by -2 - (-1 - d - 9)?
3
Suppose 4*b - 5*b - 255 = 0. Let c = -181 - b. Calculate the remainder when c is divided by 38.
36
Suppose 3*m + 3*z + 30 = 5*m, -4*m - 5*z + 82 = 0. Let q = 28 - m. What is the remainder when 29 is divided by q?
9
Let l(m) = m**3 + 5*m**2 + 5*m + 3. Let p = 4 + -7. Let f be l(p). Let d = 19 - f. Calculate the remainder when 23 is divided by d.
10
What is the remainder when 62 is divided by 39 - -3*(-9 + 7)?
29
Let w(b) = -2*b**3 - b**2 - 2*b - 1. Let a be w(-1). Suppose 4*q = -a*l + 90, 4*l - 8*l + 54 = 2*q. What is the remainder when 81 is divided by q?
18
Let z(l) = 8*l + 10. Let f(w) = -24*w - 30. Let p(o) = 4*f(o) + 11*z(o). What is the remainder when p(-3) is divided by 4?
2
Calculate the remainder when (5 + -7)*898/(-4) is divided by 41.
39
Calculate the remainder when 426 is divided by (-1 - 1)/(((-30)/35)/3).
6
Let d(f) = f**2 - f - 6. Let t(b) = 9*b**3 - b**2 + 1. What is the remainder when t(2) is divided by d(-4)?
13
Let u be -46*(3 - 28/8). Let q = u + -9. What is the remainder when 41 is divided by q?
13
Suppose 7*f = -5*f + 708. Calculate the remainder when 116 is divided by f.
57
Let m(q) = -q**3 - 9*q**2 - 8*q + 4. Suppose 0 = -5*i + 2 + 18. What is the remainder when (-10)/i*180/(-50) is divided by m(-8)?
1
Let w = 14 + 4. Let y be 3/(9*(-4)/(-24)). Suppose y*p + 15 = 83. What is the remainder when p is divided by w?
16
Let g(r) = -32*r - 1. Suppose -p + 4*c = -76, 2*c = -2*p + 147 + 45. Calculate the remainder when p is divided by g(-1).
30
Suppose -51 = -3*p - 0*p. Let r = -13 + 13. Suppose r = 2*k - k - 31. Calculate the remainder when k is divided by p.
14
Let p(s) = 8*s**2 - 3*s + 2. Suppose -3*t - 16 = -7*t. Suppose -4*o = -t*k - 8, 0 = -0*k - 4*k + 2*o. What is the remainder when p(k) is divided by 6?
4
Suppose -6*g = 43 - 91. Let p be 1 + 0 + -1 + 0. What is the remainder when (p + 50)/2 - -2 is divided by g?
3
Suppose 0*t = 2*s + t, 0 = -3*s + 5*t - 13. Let r = 1 + s. Suppose d - 4*g = -r*g + 70, 5*g - 217 = -4*d. What is the remainder when d is divided by 15?
13
Calculate the remainder when 155 is divided by (-2)/(-12) - (2865/18)/(-5).
27
Suppose 25 = 5*n - 0. Suppose n = 3*g - 2*g. Calculate the remainder when 18 + (-2)/2 + -4 is divided by g.
3
Suppose 2*n = -l + 11, -10 = 2*l - 4*n - 0. Let b(j) = 3*j**2 - 7*j + 8. Calculate the remainder when b(3) is divided by l.
2
Suppose -34 = -6*y + 23*y. Let b(g) = 3*g**2 - 6*g - 6. What is the remainder when 68 is divided by b(y)?
14
Suppose 2*u = 746 + 1252. Calculate the remainder when u is divided by 17.
13
Suppose 2*r + 46 = 4*r. Suppose -268 = -4*a - 3*n - 0*n, -a = -4*n - 86. Suppose g + 40 = 2*w + 12, 5*w - a = 4*g. What is the remainder when r is divided by w?
9
Let h be 711/12 - -5*(-6)/120. Suppose 2*p + h = b, -2*b - 5*p = -3*b + 59. What is the remainder when b is divided by 33?
26
Suppose -p + 659 = -58*d + 61*d, -655 = -3*d + p. What is the remainder when d is divided by 54?
3
Let d = 144 + -130. Suppose 3*v - 2*v - d = -2*k, 0 = v + 3*k - 14. Calculate the remainder when 20 is divided by v.
6
Suppose -11*v + 7*v = -68. What is the remainder when v is divided by 8?
1
Calculate the remainder when -7 + (-10 - -26) + 1589 is divided by 123.
122
Let j = -84 - -140. What is the remainder when 221 is divided by j?
53
Suppose -3*a + 42 = -5*m, -4*a + 2*m = -2*m - 64. What is the remainder when 280/42*(-48)/(-10) is divided by a?
13
Let q be 3/(-2) - 15/(-10). Suppose q = -2*m + 3*p + 29, p = 2*m - 31 + 8. What is the remainder when ((-9)/5)/((-2)/m) is divided by 3?
0
Let s be 12 - ((0 - -1) + -1). Suppose -13 + 0 = -4*w + 3*u, 2*w - 9 = -u. What is the remainder when (10/3)/(s/36) is divided by w?
2
Let f(s) = -s**2 + 32*s + 11. What is the remainder when 18 is divided by f(32)?
7
Let d = -14 + 28. Suppose -5*r - 3*m = -26, 0 = -3*r - 5*m + d + 8. What is the remainder when 7 is divided by r?
3
Let w = 652 - 589. Calculate the remainder when 177 is divided by w.
51
Suppose 5*v - 6 = -2*m + 688, 0 = 2*v + 4. What is the remainder when m is divided by 174?
4
Calculate the remainder when 1583 is divided by 2/(6/(-8) + 1).
7
Suppose 2*q - 2366 = -12*q. Calculate the remainder when q is divided by 10.
9
Let q = -1200 + 1398. Calculate the remainder when q is divided by 53.
39
Let q = 10 + 8. Let r = -144 + 193. Calculate the remainder when r is divided by q.
13
Suppose x - m + 2 = 0, x = -2*x - 2*m + 19. Suppose -v = 3*v - 5*c - 41, 2*c - 2 = -3*v. What is the remainder when (32/24)/(v/9) is divided by x?
0
Suppose 15 = 2*l + 3*l, -4*l + 44 = 4*a. Let c = -43 - -72. Calculate the remainder when -1 - (1 + c)/(-2) is divided by a.
6
Let c be 98 - 3*(-8)/(-6). Let b = -77 + c. What is the remainder when 61 is divided by b?
10
Suppose -1069 = 13*o - 3149. What is the remainder when o is divided by 28?
20
Let q(a) = -a**3 + 11*a**2 - 6*a + 2. Let u = -11 - -22. Calculate the remainder when q(10) is divided by u.
9
Suppose -3*p + 420 = -345. Let l(j) = -12*j**2 + 56*j + 4. Calculate the remainder